
0 (base 10) to base 13
0
Convert 13 (base 13) to base 9.
17
What is -412 (base 6) in base 14?
-ac
Convert -7 (base 8) to base 6.
-11
-c (base 15) to base 8
-14
12 (base 7) to base 16
9
-1 (base 3) to base 12
-1
10 (base 8) to base 5
13
14 (base 14) to base 15
13
Convert -305 (base 6) to base 2.
-1110001
What is 9 (base 10) in base 5?
14
-1 (base 13) to base 2
-1
-1 (base 15) to base 16
-1
1202 (base 3) to base 10
47
Convert 45 (base 13) to base 7.
111
Convert 7 (base 14) to base 12.
7
11 (base 3) to base 5
4
Convert -6 (base 7) to base 3.
-20
Convert 25 (base 16) to base 7.
52
-19 (base 10) to base 9
-21
What is -3 (base 11) in base 8?
-3
Convert -12 (base 3) to base 14.
-5
1 (base 4) to base 12
1
What is 0 (base 13) in base 4?
0
Convert -a (base 14) to base 15.
-a
What is 16 (base 12) in base 5?
33
-141 (base 6) to base 2
-111101
What is -2121 (base 3) in base 2?
-1000110
Convert -11 (base 4) to base 12.
-5
-20 (base 12) to base 4
-120
0 (base 3) to base 9
0
-34 (base 5) to base 3
-201
Convert -11222 (base 3) to base 5.
-1014
Convert 110010 (base 2) to base 4.
302
What is -18 (base 15) in base 9?
-25
Convert -32 (base 8) to base 9.
-28
-224 (base 7) to base 12
-98
Convert 3 (base 11) to base 9.
3
Convert 6 (base 12) to base 13.
6
Convert 5 (base 11) to base 3.
12
What is 65 (base 12) in base 9?
85
102 (base 3) to base 14
b
-3 (base 16) to base 11
-3
-a5 (base 11) to base 14
-83
Convert 11 (base 5) to base 14.
6
7 (base 12) to base 11
7
What is 103 (base 6) in base 8?
47
What is a (base 13) in base 10?
10
What is 29 (base 14) in base 13?
2b
Convert 4 (base 15) to base 11.
4
3 (base 5) to base 10
3
What is -1010 (base 2) in base 13?
-a
188 (base 14) to base 5
2231
-4 (base 5) to base 2
-100
Convert 3 (base 8) to base 14.
3
-a (base 12) to base 2
-1010
What is -5 (base 9) in base 14?
-5
-33 (base 4) to base 13
-12
What is 1 (base 14) in base 6?
1
Convert -3 (base 5) to base 12.
-3
5 (base 8) to base 11
5
What is -4 (base 11) in base 3?
-11
Convert 10 (base 2) to base 7.
2
2 (base 9) to base 5
2
111 (base 6) to base 3
1121
Convert 110 (base 2) to base 10.
6
Convert -4 (base 9) to base 15.
-4
Convert -246 (base 7) to base 6.
-340
What is -10110111 (base 2) in base 15?
-c3
Convert 14d (base 14) to base 8.
411
Convert 2 (base 15) to base 4.
2
Convert 6 (base 16) to base 11.
6
Convert c (base 13) to base 12.
10
-3 (base 16) to base 10
-3
What is -6 (base 12) in base 6?
-10
What is 5 (base 8) in base 6?
5
What is 8 (base 11) in base 13?
8
Convert 9 (base 11) to base 14.
9
What is -22 (base 5) in base 3?
-110
Convert 1 (base 6) to base 3.
1
-65 (base 7) to base 4
-233
-302 (base 4) to base 10
-50
Convert 2 (base 6) to base 4.
2
Convert 2 (base 16) to base 14.
2
12 (base 3) to base 12
5
0 (base 16) to base 3
0
2 (base 9) to base 3
2
0 (base 15) to base 6
0
What is -2 (base 10) in base 4?
-2
Convert -2 (base 7) to base 14.
-2
-24 (base 10) to base 6
-40
What is -313 (base 5) in base 6?
-215
What is 0 (base 13) in base 5?
0
Convert -13 (base 4) to base 14.
-7
0 (base 14) to base 2
0
Convert -b (base 13) to base 10.
-11
6 (base 16) to base 4
12
-15 (base 12) to base 6
-25
What is -32 (base 8) in base 16?
-1a
Convert 11 (base 2) to base 7.
3
What is -11110 (base 2) in base 14?
-22
7 (base 16) to base 9
7
Convert 126 (base 8) to base 9.
105
6 (base 13) to base 7
6
Convert -212 (base 6) to base 16.
-50
Convert 1 (base 7) to base 13.
1
Convert -8a (base 11) to base 7.
-200
Convert -2 (base 9) to base 6.
-2
Convert -8 (base 16) to base 14.
-8
What is -2 (base 12) in base 9?
-2
Convert 1020 (base 3) to base 9.
36
Convert -7 (base 10) to base 5.
-12
Convert 123 (base 11) to base 13.
b3
Convert 8 (base 14) to base 11.
8
2 (base 12) to base 16
2
What is 179 (base 10) in base 14?
cb
What is -2131 (base 4) in base 9?
-184
-15f (base 16) to base 4
-11133
What is -14 (base 10) in base 15?
-e
Convert -25 (base 15) to base 9.
-38
Convert 100 (base 3) to base 8.
11
What is 17 (base 8) in base 13?
12
What is 0 (base 9) in base 15?
0
Convert -25 (base 12) to base 2.
-11101
What is -c9 (base 16) in base 13?
-126
What is 0 (base 13) in base 11?
0
0 (base 10) to base 14
0
92 (base 12) to base 6
302
What is 2 (base 7) in base 8?
2
What is 3 (base 8) in base 3?
10
What is 14 (base 8) in base 5?
22
Convert -5 (base 14) to base 11.
-5
What is -3 (base 8) in base 7?
-3
-2 (base 13) to base 10
-2
33 (base 16) to base 7
102
What is -211 (base 5) in base 14?
-40
Convert 1323 (base 5) to base 8.
325
What is -1 (base 4) in base 3?
-1
0 (base 15) to base 7
0
Convert 4 (base 16) to base 2.
100
What is -4 (base 12) in base 4?
-10
What is -234 (base 6) in base 2?
-1011110
-6 (base 7) to base 2
-110
-101 (base 2) to base 11
-5
What is 4 (base 10) in base 3?
11
-152 (base 12) to base 8
-316
-2 (base 7) to base 5
-2
Convert -10 (base 2) to base 12.
-2
Convert -9c (base 13) to base 8.
-201
1103 (base 5) to base 2
10011001
3 (base 15) to base 4
3
Convert 142 (base 6) to base 12.
52
What is -436 (base 7) in base 3?
-22021
Convert -1 (base 10) to base 9.
-1
What is -41 (base 14) in base 9?
-63
What is 1013 (base 5) in base 12?
b1
Convert -244 (base 5) to base 15.
-4e
Convert -232 (base 5) to base 4.
-1003
Convert -6c (base 15) to base 16.
-66
What is -5 (base 15) in base 7?
-5
Convert -7 (base 14) to base 10.
-7
What is -2 (base 10) in base 3?
-2
What is -10 (base 3) in base 10?
-3
122 (base 7) to base 6
145
What is -2 (base 9) in base 2?
-10
10 (base 14) to base 4
32
What is 312 (base 8) in base 16?
ca
108 (base 9) to base 14
65
13 (base 12) to base 15
10
Convert -11 (base 4) to base 7.
-5
Convert 2 (base 6) to base 14.
2
Convert -6 (base 16) to base 12.
-6
-5 (base 13) to base 9
-5
-42 (base 15) to base 10
-62
Convert -2 (base 12) to base 13.
-2
What is -2 (base 14) in base 7?
-2
What is 7 (base 12) in base 5?
12
-4 (base 16) to base 2
-100
-15 (base 11) to base 15
-11
4 (base 13) to base 11
4
What is 2 (base 15) in base 7?
2
Convert -2 (base 4) to base 15.
-2
What is -17 (base 9) in base 14?
-12
What is 2 (base 10) in base 6?
2
Convert -77 (base 12) to base 8.
-133
What is 107 (base 11) in base 10?
128
1001 (base 2) to base 7
12
Convert 256 (base 8) to base 14.
c6
What is 61 (base 15) in base 16?
5b
Convert -14 (base 6) to base 14.
-a
Convert 1 (base 11) to base 12.
1
Convert 1001 (base 2) to base 16.
9
-15 (base 10) to base 3
-120
-10 (base 8) to base 14
-8
What is -13 (base 16) in base 4?
-103
12113 (base 4) to base 8
627
23 (base 7) to base 14
13
What is -2 (base 9) in base 13?
-2
Convert -50 (base 9) to base 6.
-113
10011 (base 2) to base 10
19
Convert 7 (base 12) to base 6.
11
Convert -4 (base 11) to base 2.
-100
Convert -26 (base 7) to base 11.
-19
-162 (base 8) to base 12
-96
What is -4 (base 16) in base 13?
-4
3e (base 16) to base 9
68
What is -175 (base 10) in base 4?
-2233
What is -224 (base 8) in base 16?
-94
What is -102 (base 3) in base 5?
-21
-12 (base 4) to base 15
-6
What is -51 (base 12) in base 9?
-67
-12 (base 6) to base 15
-8
Convert 5 (base 7) to base 4.
11
Convert 142 (base 5) to base 9.
52
-4 (base 9) to base 2
-100
What is 2 (base 4) in base 16?
2
What is 58 (base 16) in base 12?
74
What is -11 (base 10) in base 14?
-b
87 (base 14) to base 9
142
Convert -21 (base 9) to base 6.
-31
-50 (base 9) to base 12
-39
Convert -30 (base 4) to base 11.
-11
Convert 12 (base 6) to base 11.
8
Convert -48 (base 15) to base 13.
-53
Convert -10 (base 5) to base 8.
-5
Convert -7 (base 8) to base 5.
-12
88 (base 9) to base 5
310
What is -16 (base 12) in base 15?
-13
What is -2 (base 14) in base 12?
-2
Convert -1 (base 13) to base 2.
-1
Convert 1110 (base 3) to base 16.
27
What is -453 (base 6) in base 9?
-216
2 (base 16) to base 11
2
4 (base 15) to base 4
10
What is -a (base 12) in base 8?
-12
What is 48 (base 10) in base 14?
36
What is 29 (base 12) in base 10?
33
What is 1300 (base 5) in base 6?
532
Convert -70 (base 11) to base 2.
-1001101
Convert 10101 (base 2) to base 13.
18
What is -215 (base 9) in base 2?
-10110000
What is 3 (base 16) in base 12?
3
Convert -22 (base 10) to base 3.
-211
Convert -3 (base 14) to base 10.
-3
What is -62 (base 15) in base 4?
-1130
Convert 23 (base 7) to base 11.
16
Convert -6 (base 15) to base 2.
-110
Convert -10 (base 5) to base 2.
-101
What is -270